                                                {"id":3221,"date":"2026-04-21T19:18:53","date_gmt":"2026-04-21T23:18:53","guid":{"rendered":"https:\/\/www.pascal-caillens.com\/?post_type=product&#038;p=3221"},"modified":"2026-04-21T19:43:33","modified_gmt":"2026-04-21T23:43:33","slug":"lumiere-a-lhorizon","status":"publish","type":"product","link":"https:\/\/www.pascal-caillens.com\/fr\/produit\/lumiere-a-lhorizon\/","title":{"rendered":"Lumi\u00e8re \u00e0 l\u2019horizon"},"content":{"rendered":"<p>Cette \u0153uvre \u00e9voque la rencontre douce entre le ciel et la mer, dans un moment suspendu o\u00f9 tout semble ralentir. Les d\u00e9grad\u00e9s chauds de l\u2019orang\u00e9 vers les tons bleut\u00e9s cr\u00e9ent une transition subtile entre chaleur et fra\u00eecheur, comme une respiration entre deux mondes. Les mouvements horizontaux sugg\u00e8rent une mer calme, presque m\u00e9ditative, invitant \u00e0 l\u2019introspection, au l\u00e2cher-prise et \u00e0 la contemplation du pr\u00e9sent.<\/p>","protected":false},"excerpt":{"rendered":"<p>Dimensions : 12\u201d x 30\u201d<br \/>\nDate de cr\u00e9ation : Avril 2026<br \/>\nTechnique : Huile sur toile<br \/>\nNum\u00e9ro d\u2019archive : PC-2026-028<br \/>\nStatut : \u0152uvre originale unique<\/p>","protected":false},"featured_media":3222,"template":"","meta":[],"product_brand":[],"product_cat":[27],"product_tag":[],"class_list":{"0":"post-3221","1":"product","2":"type-product","3":"status-publish","4":"has-post-thumbnail","6":"product_cat-non-classe","8":"first","9":"instock","10":"shipping-taxable","11":"purchasable","12":"product-type-simple"},"yoast_head":"<!-- This site is optimized with the Yoast SEO plugin v27.5 - https:\/\/yoast.com\/product\/yoast-seo-wordpress\/ -->\n<title>Lumi\u00e8re \u00e0 l\u2019horizon - Artiste peintre Magog | Art abstrait contemporain Estrie | Pascal Caillens<\/title>\n<meta name=\"robots\" content=\"index, follow, max-snippet:-1, max-image-preview:large, max-video-preview:-1\" \/>\n<link rel=\"canonical\" href=\"https:\/\/www.pascal-caillens.com\/fr\/produit\/lumiere-a-lhorizon\/\" \/>\n<meta property=\"og:locale\" content=\"fr_FR\" \/>\n<meta property=\"og:type\" content=\"article\" \/>\n<meta property=\"og:title\" content=\"Lumi\u00e8re \u00e0 l\u2019horizon - Artiste peintre Magog | Art abstrait contemporain Estrie | Pascal Caillens\" \/>\n<meta property=\"og:description\" content=\"Dimensions : 12\u201d x 30\u201d Date de cr\u00e9ation : Avril 2026 Technique : Huile sur toile Num\u00e9ro d\u2019archive : PC-2026-028 Statut : \u0152uvre originale unique\" \/>\n<meta property=\"og:url\" content=\"https:\/\/www.pascal-caillens.com\/fr\/produit\/lumiere-a-lhorizon\/\" \/>\n<meta property=\"og:site_name\" content=\"Artiste peintre Magog | Art abstrait contemporain Estrie | Pascal Caillens\" \/>\n<meta property=\"article:modified_time\" content=\"2026-04-21T23:43:33+00:00\" \/>\n<meta property=\"og:image\" content=\"https:\/\/www.pascal-caillens.com\/wp-content\/uploads\/2026\/04\/new-21avril-01-scaled.jpg\" \/>\n\t<meta property=\"og:image:width\" content=\"2560\" \/>\n\t<meta property=\"og:image:height\" content=\"1081\" \/>\n\t<meta property=\"og:image:type\" content=\"image\/jpeg\" \/>\n<meta name=\"twitter:card\" content=\"summary_large_image\" \/>\n<meta name=\"twitter:label1\" content=\"Dur\u00e9e de lecture estim\u00e9e\" \/>\n\t<meta name=\"twitter:data1\" content=\"1 minute\" \/>\n<script type=\"application\/ld+json\" class=\"yoast-schema-graph\">{\"@context\":\"https:\\\/\\\/schema.org\",\"@graph\":[{\"@type\":\"WebPage\",\"@id\":\"https:\\\/\\\/www.pascal-caillens.com\\\/produit\\\/lumiere-a-lhorizon\\\/\",\"url\":\"https:\\\/\\\/www.pascal-caillens.com\\\/produit\\\/lumiere-a-lhorizon\\\/\",\"name\":\"Lumi\u00e8re \u00e0 l\u2019horizon - Artiste peintre Magog | Art abstrait contemporain Estrie | Pascal Caillens\",\"isPartOf\":{\"@id\":\"https:\\\/\\\/www.pascal-caillens.com\\\/#website\"},\"primaryImageOfPage\":{\"@id\":\"https:\\\/\\\/www.pascal-caillens.com\\\/produit\\\/lumiere-a-lhorizon\\\/#primaryimage\"},\"image\":{\"@id\":\"https:\\\/\\\/www.pascal-caillens.com\\\/produit\\\/lumiere-a-lhorizon\\\/#primaryimage\"},\"thumbnailUrl\":\"https:\\\/\\\/www.pascal-caillens.com\\\/wp-content\\\/uploads\\\/2026\\\/04\\\/new-21avril-01-scaled.jpg\",\"datePublished\":\"2026-04-21T23:18:53+00:00\",\"dateModified\":\"2026-04-21T23:43:33+00:00\",\"breadcrumb\":{\"@id\":\"https:\\\/\\\/www.pascal-caillens.com\\\/produit\\\/lumiere-a-lhorizon\\\/#breadcrumb\"},\"inLanguage\":\"fr-FR\",\"potentialAction\":[{\"@type\":\"ReadAction\",\"target\":[\"https:\\\/\\\/www.pascal-caillens.com\\\/produit\\\/lumiere-a-lhorizon\\\/\"]}]},{\"@type\":\"ImageObject\",\"inLanguage\":\"fr-FR\",\"@id\":\"https:\\\/\\\/www.pascal-caillens.com\\\/produit\\\/lumiere-a-lhorizon\\\/#primaryimage\",\"url\":\"https:\\\/\\\/www.pascal-caillens.com\\\/wp-content\\\/uploads\\\/2026\\\/04\\\/new-21avril-01-scaled.jpg\",\"contentUrl\":\"https:\\\/\\\/www.pascal-caillens.com\\\/wp-content\\\/uploads\\\/2026\\\/04\\\/new-21avril-01-scaled.jpg\",\"width\":2560,\"height\":1081},{\"@type\":\"BreadcrumbList\",\"@id\":\"https:\\\/\\\/www.pascal-caillens.com\\\/produit\\\/lumiere-a-lhorizon\\\/#breadcrumb\",\"itemListElement\":[{\"@type\":\"ListItem\",\"position\":1,\"name\":\"Accueil\",\"item\":\"https:\\\/\\\/www.pascal-caillens.com\\\/\"},{\"@type\":\"ListItem\",\"position\":2,\"name\":\"Acheter\",\"item\":\"https:\\\/\\\/www.pascal-caillens.com\\\/acheter\\\/\"},{\"@type\":\"ListItem\",\"position\":3,\"name\":\"Lumi\u00e8re \u00e0 l\u2019horizon\"}]},{\"@type\":\"WebSite\",\"@id\":\"https:\\\/\\\/www.pascal-caillens.com\\\/#website\",\"url\":\"https:\\\/\\\/www.pascal-caillens.com\\\/\",\"name\":\"Artiste peintre Magog | Art abstrait contemporain Estrie | Pascal Caillens\",\"description\":\"Artiste peintre Estrie | Tableaux abstraits modernes \u00e0 Magog | Pascal Caillens\",\"potentialAction\":[{\"@type\":\"SearchAction\",\"target\":{\"@type\":\"EntryPoint\",\"urlTemplate\":\"https:\\\/\\\/www.pascal-caillens.com\\\/?s={search_term_string}\"},\"query-input\":{\"@type\":\"PropertyValueSpecification\",\"valueRequired\":true,\"valueName\":\"search_term_string\"}}],\"inLanguage\":\"fr-FR\"}]}<\/script>\n<!-- \/ Yoast SEO plugin. -->","yoast_head_json":{"title":"Lumi\u00e8re \u00e0 l\u2019horizon - Artiste peintre Magog | Art abstrait contemporain Estrie | Pascal Caillens","robots":{"index":"index","follow":"follow","max-snippet":"max-snippet:-1","max-image-preview":"max-image-preview:large","max-video-preview":"max-video-preview:-1"},"canonical":"https:\/\/www.pascal-caillens.com\/fr\/produit\/lumiere-a-lhorizon\/","og_locale":"fr_FR","og_type":"article","og_title":"Lumi\u00e8re \u00e0 l\u2019horizon - Artiste peintre Magog | Art abstrait contemporain Estrie | Pascal Caillens","og_description":"Dimensions : 12\u201d x 30\u201d Date de cr\u00e9ation : Avril 2026 Technique : Huile sur toile Num\u00e9ro d\u2019archive : PC-2026-028 Statut : \u0152uvre originale unique","og_url":"https:\/\/www.pascal-caillens.com\/fr\/produit\/lumiere-a-lhorizon\/","og_site_name":"Artiste peintre Magog | Art abstrait contemporain Estrie | Pascal Caillens","article_modified_time":"2026-04-21T23:43:33+00:00","og_image":[{"width":2560,"height":1081,"url":"https:\/\/www.pascal-caillens.com\/wp-content\/uploads\/2026\/04\/new-21avril-01-scaled.jpg","type":"image\/jpeg"}],"twitter_card":"summary_large_image","twitter_misc":{"Dur\u00e9e de lecture estim\u00e9e":"1 minute"},"schema":{"@context":"https:\/\/schema.org","@graph":[{"@type":"WebPage","@id":"https:\/\/www.pascal-caillens.com\/produit\/lumiere-a-lhorizon\/","url":"https:\/\/www.pascal-caillens.com\/produit\/lumiere-a-lhorizon\/","name":"Lumi\u00e8re \u00e0 l\u2019horizon - Artiste peintre Magog | Art abstrait contemporain Estrie | Pascal Caillens","isPartOf":{"@id":"https:\/\/www.pascal-caillens.com\/#website"},"primaryImageOfPage":{"@id":"https:\/\/www.pascal-caillens.com\/produit\/lumiere-a-lhorizon\/#primaryimage"},"image":{"@id":"https:\/\/www.pascal-caillens.com\/produit\/lumiere-a-lhorizon\/#primaryimage"},"thumbnailUrl":"https:\/\/www.pascal-caillens.com\/wp-content\/uploads\/2026\/04\/new-21avril-01-scaled.jpg","datePublished":"2026-04-21T23:18:53+00:00","dateModified":"2026-04-21T23:43:33+00:00","breadcrumb":{"@id":"https:\/\/www.pascal-caillens.com\/produit\/lumiere-a-lhorizon\/#breadcrumb"},"inLanguage":"fr-FR","potentialAction":[{"@type":"ReadAction","target":["https:\/\/www.pascal-caillens.com\/produit\/lumiere-a-lhorizon\/"]}]},{"@type":"ImageObject","inLanguage":"fr-FR","@id":"https:\/\/www.pascal-caillens.com\/produit\/lumiere-a-lhorizon\/#primaryimage","url":"https:\/\/www.pascal-caillens.com\/wp-content\/uploads\/2026\/04\/new-21avril-01-scaled.jpg","contentUrl":"https:\/\/www.pascal-caillens.com\/wp-content\/uploads\/2026\/04\/new-21avril-01-scaled.jpg","width":2560,"height":1081},{"@type":"BreadcrumbList","@id":"https:\/\/www.pascal-caillens.com\/produit\/lumiere-a-lhorizon\/#breadcrumb","itemListElement":[{"@type":"ListItem","position":1,"name":"Accueil","item":"https:\/\/www.pascal-caillens.com\/"},{"@type":"ListItem","position":2,"name":"Acheter","item":"https:\/\/www.pascal-caillens.com\/acheter\/"},{"@type":"ListItem","position":3,"name":"Lumi\u00e8re \u00e0 l\u2019horizon"}]},{"@type":"WebSite","@id":"https:\/\/www.pascal-caillens.com\/#website","url":"https:\/\/www.pascal-caillens.com\/","name":"Artiste peintre Magog | Art abstrait contemporain Estrie | Pascal Caillens","description":"Artiste peintre Estrie | Tableaux abstraits modernes \u00e0 Magog | Pascal Caillens","potentialAction":[{"@type":"SearchAction","target":{"@type":"EntryPoint","urlTemplate":"https:\/\/www.pascal-caillens.com\/?s={search_term_string}"},"query-input":{"@type":"PropertyValueSpecification","valueRequired":true,"valueName":"search_term_string"}}],"inLanguage":"fr-FR"}]}},"_links":{"self":[{"href":"https:\/\/www.pascal-caillens.com\/fr\/wp-json\/wp\/v2\/product\/3221","targetHints":{"allow":["GET"]}}],"collection":[{"href":"https:\/\/www.pascal-caillens.com\/fr\/wp-json\/wp\/v2\/product"}],"about":[{"href":"https:\/\/www.pascal-caillens.com\/fr\/wp-json\/wp\/v2\/types\/product"}],"wp:featuredmedia":[{"embeddable":true,"href":"https:\/\/www.pascal-caillens.com\/fr\/wp-json\/wp\/v2\/media\/3222"}],"wp:attachment":[{"href":"https:\/\/www.pascal-caillens.com\/fr\/wp-json\/wp\/v2\/media?parent=3221"}],"wp:term":[{"taxonomy":"product_brand","embeddable":true,"href":"https:\/\/www.pascal-caillens.com\/fr\/wp-json\/wp\/v2\/product_brand?post=3221"},{"taxonomy":"product_cat","embeddable":true,"href":"https:\/\/www.pascal-caillens.com\/fr\/wp-json\/wp\/v2\/product_cat?post=3221"},{"taxonomy":"product_tag","embeddable":true,"href":"https:\/\/www.pascal-caillens.com\/fr\/wp-json\/wp\/v2\/product_tag?post=3221"}],"curies":[{"name":"wp","href":"https:\/\/api.w.org\/{rel}","templated":true}]}}

Lumière à l’horizon

<p>Cette œuvre évoque la rencontre douce entre le ciel et la mer, dans un moment suspendu où tout semble ralentir. Les dégradés chauds de l’orangé vers les tons bleutés créent une transition subtile entre chaleur et fraîcheur, comme une respiration entre deux mondes. Les mouvements horizontaux suggèrent une mer calme, presque méditative, invitant à l’introspection, au lâcher-prise et à la contemplation du présent.</p>

<p>Dimensions : 12” x 30”<br />
Date de création : Avril 2026<br />
Technique : Huile sur toile<br />
Numéro d’archive : PC-2026-028<br />
Statut : Œuvre originale unique</p>

<!-- This site is optimized with the Yoast SEO plugin v27.5 - https://yoast.com/product/yoast-seo-wordpress/ -->
<title>Lumière à l’horizon - Artiste peintre Magog | Art abstrait contemporain Estrie | Pascal Caillens</title>
<meta name="robots" content="index, follow, max-snippet:-1, max-image-preview:large, max-video-preview:-1" />
<link rel="canonical" href="https://www.pascal-caillens.com/fr/produit/lumiere-a-lhorizon/" />
<meta property="og:locale" content="fr_FR" />
<meta property="og:type" content="article" />
<meta property="og:title" content="Lumière à l’horizon - Artiste peintre Magog | Art abstrait contemporain Estrie | Pascal Caillens" />
<meta property="og:description" content="Dimensions : 12” x 30” Date de création : Avril 2026 Technique : Huile sur toile Numéro d’archive : PC-2026-028 Statut : Œuvre originale unique" />
<meta property="og:url" content="https://www.pascal-caillens.com/fr/produit/lumiere-a-lhorizon/" />
<meta property="og:site_name" content="Artiste peintre Magog | Art abstrait contemporain Estrie | Pascal Caillens" />
<meta property="article:modified_time" content="2026-04-21T23:43:33+00:00" />
<meta property="og:image" content="https://www.pascal-caillens.com/wp-content/uploads/2026/04/new-21avril-01-scaled.jpg" />
	<meta property="og:image:width" content="2560" />
	<meta property="og:image:height" content="1081" />
	<meta property="og:image:type" content="image/jpeg" />
<meta name="twitter:card" content="summary_large_image" />
<meta name="twitter:label1" content="Durée de lecture estimée" />
	<meta name="twitter:data1" content="1 minute" />
<script type="application/ld+json" class="yoast-schema-graph">{"@context":"https:\/\/schema.org","@graph":[{"@type":"WebPage","@id":"https:\/\/www.pascal-caillens.com\/produit\/lumiere-a-lhorizon\/","url":"https:\/\/www.pascal-caillens.com\/produit\/lumiere-a-lhorizon\/","name":"Lumière à l’horizon - Artiste peintre Magog | Art abstrait contemporain Estrie | Pascal Caillens","isPartOf":{"@id":"https:\/\/www.pascal-caillens.com\/#website"},"primaryImageOfPage":{"@id":"https:\/\/www.pascal-caillens.com\/produit\/lumiere-a-lhorizon\/#primaryimage"},"image":{"@id":"https:\/\/www.pascal-caillens.com\/produit\/lumiere-a-lhorizon\/#primaryimage"},"thumbnailUrl":"https:\/\/www.pascal-caillens.com\/wp-content\/uploads\/2026\/04\/new-21avril-01-scaled.jpg","datePublished":"2026-04-21T23:18:53+00:00","dateModified":"2026-04-21T23:43:33+00:00","breadcrumb":{"@id":"https:\/\/www.pascal-caillens.com\/produit\/lumiere-a-lhorizon\/#breadcrumb"},"inLanguage":"fr-FR","potentialAction":[{"@type":"ReadAction","target":["https:\/\/www.pascal-caillens.com\/produit\/lumiere-a-lhorizon\/"]}]},{"@type":"ImageObject","inLanguage":"fr-FR","@id":"https:\/\/www.pascal-caillens.com\/produit\/lumiere-a-lhorizon\/#primaryimage","url":"https:\/\/www.pascal-caillens.com\/wp-content\/uploads\/2026\/04\/new-21avril-01-scaled.jpg","contentUrl":"https:\/\/www.pascal-caillens.com\/wp-content\/uploads\/2026\/04\/new-21avril-01-scaled.jpg","width":2560,"height":1081},{"@type":"BreadcrumbList","@id":"https:\/\/www.pascal-caillens.com\/produit\/lumiere-a-lhorizon\/#breadcrumb","itemListElement":[{"@type":"ListItem","position":1,"name":"Accueil","item":"https:\/\/www.pascal-caillens.com\/"},{"@type":"ListItem","position":2,"name":"Acheter","item":"https:\/\/www.pascal-caillens.com\/acheter\/"},{"@type":"ListItem","position":3,"name":"Lumière à l’horizon"}]},{"@type":"WebSite","@id":"https:\/\/www.pascal-caillens.com\/#website","url":"https:\/\/www.pascal-caillens.com\/","name":"Artiste peintre Magog | Art abstrait contemporain Estrie | Pascal Caillens","description":"Artiste peintre Estrie | Tableaux abstraits modernes à Magog | Pascal Caillens","potentialAction":[{"@type":"SearchAction","target":{"@type":"EntryPoint","urlTemplate":"https:\/\/www.pascal-caillens.com\/?s={search_term_string}"},"query-input":{"@type":"PropertyValueSpecification","valueRequired":true,"valueName":"search_term_string"}}],"inLanguage":"fr-FR"}]}</script>
<!-- / Yoast SEO plugin. -->

Lumière à l’horizon - Artiste peintre Magog | Art abstrait contemporain Estrie | Pascal Caillens

Dimensions : 12” x 30” Date de création : Avril 2026 Technique : Huile sur toile Numéro d’archive : PC-2026-028 Statut : Œuvre originale unique

Artiste peintre Estrie | Tableaux abstraits modernes à Magog | Pascal Caillens
